he prime factors of b(g).
509
Suppose 28*n = 3*g + 23*n - 20797, g - 6909 = -3*n. What are the prime factors of g?
2, 3, 577
Let h be ((-176)/10 + -4)/(2/(-10)). Let s(i) = 14 + 105*i + 0 - h*i. What are the prime factors of s(-10)?
2, 11
Let w be (9 - 6/1)*-3. Let t(r) = -42*r + 90. What are the prime factors of t(w)?
2, 3, 13
Suppose -3*a - 2*q = 31, -8 = 7*q - 3*q. List the prime factors of 80780/63 + 2/a.
2, 641
Let n(y) = -2*y**3 - 146*y**2 - 158*y + 73. What are the prime factors of n(-72)?
23, 47
Let v(b) = 1843*b**2 - 3*b - 15. List the prime factors of v(-2).
37, 199
Let v be 0 + ((-12)/3)/(-2). Let k be (60/33 - v) + 1837/121. List the prime factors of (-505)/(-3)*18/k.
2, 101
Let w be ((-75)/50)/(6/(-16708)). Suppose 11*b = 7747 + w. What are the prime factors of b?
2, 271
Let v(l) = -l**3 - 102*l**2 + 234*l + 282. What are the prime factors of v(-106)?
2, 10211
What are the prime factors of (-1)/((-8)/(-8) + 0)*-13484?
2, 3371
Suppose 5*c - 10*c + 338101 = 6*u, -3*c = u - 56361. What are the prime factors of u?
2, 3, 9391
Suppose 9*u - 150 = 165. Let m = u - 33. Suppose 12*z - m*z = 740. List the prime factors of z.
2, 37
Let r(i) = -490*i. Let y be r(-7). Suppose -106*d + 113*d = y. What are the prime factors of d?
2, 5, 7
Suppose 0 = 12*j - 16*j + 12, 4*l + j - 15 = 0. List the prime factors of 107/l*15/(-7 + 12).
107
Suppose -48*f + 55250 = -f - 22*f. List the prime factors of f.
2, 5, 13, 17
Let p be (-2)/(-8) + ((-1651)/(-4) - -1). Let a = p - -4626. What are the prime factors of ((-6)/4)/((-54)/a)?
2, 5, 7
What are the prime factors of (84684 + -370)*(-1)/(-2)?
42157
Let a(w) = 146*w**2 + 10*w + 42. Let f(r) = 51*r**2 + 3*r + 14. Let k(l) = 4*a(l) - 11*f(l). What are the prime factors of k(-7)?
2, 3, 7, 13
Let f = 6 - 2. Suppose -2*l = 2*r - 14 + f, -4*l + 27 = -3*r. List the prime factors of 103/8 + l/48.
13
Let x be -24*(-3 - 2) + 20/4. Suppose -77 = -4*n + m - 480, -m = 4*n + 413. Let g = x + n. List the prime factors of g.
23
Let k(t) be the third derivative of 7*t**4/6 + 4*t**3/3 + 44*t**2. List the prime factors of k(5).
2, 37
Let l = 73 + -73. Suppose 2*a - 4*a + 2 = 0, 3*h - 5*a - 2206 = l. What are the prime factors of h?
11, 67
Suppose 0 = 2*q + 4*s + 8, -8 = 2*q - 2*s - 30. Suppose 11*m + q*m = 7327. What are the prime factors of m?
431
Let t be (-18)/4 - (-243)/162. What are the prime factors of (-50 + 47)*2041/t?
13, 157
What are the prime factors of (-11)/44*2*-4904?
2, 613
Suppose -3*i - 26 = 79. Let g = i + 32. Let t = 5 + g. List the prime factors of t.
2
Let d be (232 + (6 - -2))*(9 - -1). Suppose 0*a = -16*a + d. List the prime factors of a.
2, 3, 5
Suppose 3*l - 4*m + 470 = -2*l, -5*l = 5*m + 425. Let y = -86 - l. Let q(n) = 11*n**2 - 11*n - 2. What are the prime factors of q(y)?
2, 5, 13
Let k be (1 - -3) + (377 - 37). Suppose 50 + k = m. List the prime factors of m.
2, 197
Suppose 99*s - 103*s + 32146 = -2*m, -6*m + 18 = 0. List the prime factors of s.
2, 4019
Suppose -97*x = 57*x - 30*x - 26040. What are the prime factors of x?
2, 3, 5, 7
Suppose 5*x = -5*m - 0*m - 155, 2*m + 77 = x. Let s(q) = q**3 + 36*q**2 - 23*q + 200. What are the prime factors of s(m)?
2, 257
Suppose 0 = -2*m, 75*d = 76*d + 3*m - 3247. What are the prime factors of d?
17, 191
Let t(k) = -4*k**3 + 39*k**2 + 14*k - 25. Let a be t(10). Let m be (-4)/14 + 396/14. Let z = m - a. List the prime factors of z.
13
Suppose 2*w = 4*w - f - 347, -2*w + 344 = -4*f. Let c be 1 - (w/(-2) - -1). Suppose 3*t + 5*s - 58 - c = 0, 5*s = 3*t - 125. List the prime factors of t.
3, 5
Suppose -7 = -y, -v + 12433 = -y + 2294. List the prime factors of v.
2, 3, 19, 89
Let a = 48263 - 21345. List the prime factors of a.
2, 43, 313
Let u be (1 + -28)*(-8 + (-161)/(-21)). Let c(z) = 2*z**3 + 2*z**2 - 27*z - 13. List the prime factors of c(u).
2, 11, 31
Suppose -3*y - 9140 + 13127 = 0. What are the prime factors of y?
3, 443
Suppose 15*i - 351 = 609. Let y = i + -72. List the prime factors of (-1)/y - (-28968)/192.
151
Suppose 0 = -38*o + 42*o + 12. List the prime factors of 20668/16 - o - 7/(-28).
5, 7, 37
Let u(a) = 4 - 4*a - 2 + 1. Suppose 106*v - 55*v = 40*v - 209. What are the prime factors of u(v)?
79
What are the prime factors of 283 - 296 - (1 + -7482)?
2, 1867
Suppose 3*u + 5*u - 16 = 0. Let x(f) = 2*f**3 + 3*f**3 + 3 - 4*f**2 - 8*f**3 + 9*f + u*f**3. What are the prime factors of x(-6)?
3, 7
Let a(q) = -q**3. Let u(b) = 11*b**2 - 11*b + 11. Let m(y) = a(y) - u(y). Let f be m(-12). List the prime factors of 7 + -9 - f*339/(-3).
3, 37
Let r = -21138 - -57067. List the prime factors of r.
19, 31, 61
Let t = 12292 + -1668. What are the prime factors of t?
2, 83
List the prime factors of ((-248)/(-93))/((-1)/(-3)) + 36016.
2, 3, 19, 79
Suppose -36 = -11*s + 5*s, -12684 = -2*t - 2*s. What are the prime factors of t?
2, 3, 11
Let h(n) = n**3 + 22*n**2 - 12*n - 51. Suppose 0 = 7*x + 33 + 114. List the prime factors of h(x).
2, 3, 107
Let j(n) = n**2 + 2*n. Let a be j(1). Suppose -2*v = 3*z + v - 2388, -4*v = -a*z + 2416. What are the prime factors of (6/(-5))/((-812)/z + 1)?
2, 5
Let o = -103 - 247. Let q be (-22)/154 - 1665/7. Let c = q - o. What are the prime factors of c?
2, 7
Let c = 1392 + -2326. Let y = c - -1884. List the prime factors of y.
2, 5, 19
Let g = -1520 - -1495. Suppose 5*c + 3*p - 349 = 0, 3*c + 0*c + 5*p = 219. Let s = c + g. List the prime factors of s.
43
Let g(w) = 2*w**3 + 2*w**2 - 11*w - 3. Let n be g(-5). Let c be n/((-63)/35 - (-1)/(-5)). Suppose -79*k = -c*k - 630. List the prime factors of k.
2, 3, 7
Suppose 0 = 2*a - 5*q - 2438, -2*q + 734 + 494 = a. What are the prime factors of a?
2, 3, 17
Suppose 5*w = 2*v - 0*v + 160, -3*v + 75 = 3*w. Suppose w = 3*o + 12. List the prime factors of (-4)/12 + 686/o.
2, 3, 19
Suppose -4*i + 2 = -4*f + 6, -3*i - 5*f + 21 = 0. Let x(p) = 8*p + p**3 - 18 - 30*p**2 + 39*p**2 - i*p**3. What are the prime factors of x(9)?
2, 3
Suppose -407 = 32*x + 297. Let p = x - -247. List the prime factors of p.
3, 5
Suppose -15*y - 3*m + 1202 = -10*y, 0 = 2*y + m - 481. Suppose 590 + y = 3*n. What are the prime factors of n?
277
Suppose 0 = 25*b - 67 - 58. Let z(q) = -q - 2. Let v be z(-4). Suppose -v*g + g - 187 = -b*y, -61 = -2*y + 5*g. What are the prime factors of y?
2, 19
Let z(i) = -3*i**2 + 2*i + 4. Let r be z(0). Suppose -4*w + 5308 = -r*a, w = -6*a + 3*a + 1311. List the prime factors of w.
3, 7
Let y = 3496 + -9311. Let w = -3939 - y. What are the prime factors of w?
2, 7, 67
Let i(g) = 6*g**2 + 3*g - 54. Let o = -158 - -146. What are the prime factors of i(o)?
2, 3, 43
What are the prime factors of 42*(442/91 - -14)?
2, 3, 11
Let a = 55 + -52. Suppose -3*o - a*n - 2*n + 34 = 0, -3*o + 24 = 3*n. Suppose 132 = p - o*l, p + 2*l - 131 = 4*l. What are the prime factors of p?
3, 43
Let o = 28157 + -14403. What are the prime factors of o?
2, 13, 23
Suppose -3*n + 5 = -4*n. Let k be 17/(5*n/(-75)). Suppose -8*i + k = -29. List the prime factors of i.
2, 5
Let d(k) = -2*k**3 - 4*k**2 - 3*k - 2. Let c be d(-2). Let z be 3 - c/4*-1. Suppose -29 = -5*a + 2*s - z*s, -2*a + 5 = 3*s. What are the prime factors of a?
7
Let k be 4 - (-15)/(-6)*20/25. Let h(f) = -6 + 6 + 3*f**k + 6*f - 1. What are the prime factors of h(-3)?
2
Suppose -51*j - 8254 = -52*j + o, 5*j = -4*o + 41288. List the prime factors of j.
2, 3, 43
Let r(f) = f**3 - 17*f**2 + 80*f - 44. List the prime factors of r(39).
2, 18269
Let t = -9540 + 19964. List the prime factors of t.
2, 1303
Suppose 5 = -5*g, -2*h - 2 = g - 1. Suppose h = 10*n - 2343 - 747. What are the prime factors of n?
3, 103
List the prime factors of (-86)/215*(-83535)/2.
3, 5569
Suppose -3*h + 5*b + 13 = 0, 5*h = h + 5*b + 9. List the prime factors of (25840/h)/(-4) + -9.
2, 11, 73
Let n(r) = -9621*r - 105. List the prime factors of n(-2).
3, 6379
Let o(t) = -t**2 - 8*t + 22. Let u be o(-10). Let x(r) = -2*r + 27*r**2 + 1 + 23*r**2 + u*r. List the prime factors of x(1).
3, 17
Let h = -60007 - -94822. What are the prime factors of h?
3, 5, 11, 211
Suppose 0 = -4*s - 57 + 245. Let w = -42 + s. Suppose -w*r + 716 - 111 = 0. List the prime factors of r.
11
Let s(g) = -27*g**2 + 6*g + 3. Let c be s(5). What are the prime factors of 6/(-5 + c/(-126))?
3, 7
Let p(c) = 9*c**2 - 4*c - 